073 a prime number?
False
Is 8667971405 a prime number?
False
Is 20597616509 a composite number?
False
Is 6429469195 prime?
False
Is 2740986929 composite?
False
Is 10491381163 composite?
True
Is 3238572067 composite?
True
Is 94730142127 prime?
True
Is 45597273587 prime?
True
Is 408462279 a prime number?
False
Is 33979210519 prime?
False
Is 101506933769 a composite number?
False
Is 34985051819 a composite number?
False
Is 278010089 a composite number?
True
Is 23786936659 composite?
False
Is 15564872327 composite?
True
Is 10689973147 a prime number?
False
Is 557325173 a composite number?
False
Is 351665143 a prime number?
True
Is 266806471 a composite number?
True
Is 8291741 a composite number?
False
Is 35095022681 a prime number?
True
Is 1789446949 a prime number?
False
Is 101212513 prime?
False
Is 5480937481 a prime number?
True
Is 7941691 a composite number?
True
Is 402207503 a composite number?
True
Is 362810363 a prime number?
True
Is 16448993419 a composite number?
True
Is 860769887 prime?
False
Is 11122344217 composite?
True
Is 115928951 prime?
True
Is 17759287529 composite?
True
Is 280302557 composite?
False
Is 11871291118 prime?
False
Is 2190855189 composite?
True
Is 1608787433 a composite number?
True
Is 41258916611 a prime number?
False
Is 14925758501 a prime number?
True
Is 208215011 composite?
True
Is 17180712491 prime?
True
Is 952932265 a composite number?
True
Is 513661423 prime?
False
Is 26283685933 a prime number?
False
Is 15061474541 a composite number?
True
Is 6459339989 prime?
True
Is 3513345967 prime?
False
Is 5589255383 composite?
True
Is 43855269119 composite?
False
Is 10810226071 composite?
False
Is 12024682249 composite?
True
Is 9955370987 prime?
False
Is 39916297 composite?
False
Is 391899161 a composite number?
True
Is 1824755203 prime?
True
Is 15598163507 composite?
False
Is 1965504953 a composite number?
True
Is 35749280341 prime?
False
Is 16192845041 a prime number?
True
Is 158250397 prime?
False
Is 4096938793 prime?
True
Is 14999092627 a composite number?
False
Is 44443508783 a composite number?
False
Is 16049900435 a prime number?
False
Is 29159163263 a prime number?
False
Is 3540916541 a composite number?
False
Is 2999098633 a prime number?
True
Is 1231152343 a composite number?
False
Is 65687345617 a composite number?
True
Is 2109475913 composite?
False
Is 737756689 prime?
False
Is 3721056403 prime?
False
Is 387886471 a composite number?
True
Is 14257223 a composite number?
True
Is 2220551093 a prime number?
True
Is 11817901031 a prime number?
True
Is 16926754589 composite?
False
Is 1549352897 a composite number?
True
Is 6510503339 prime?
False
Is 1048383631 a prime number?
False
Is 562202413 composite?
True
Is 2559528571 prime?
True
Is 534798421 composite?
True
Is 2100854401 composite?
True
Is 478543831 composite?
False
Is 28962234217 a prime number?
False
Is 5439342949 a composite number?
False
Is 219163597 composite?
True
Is 8053339103 prime?
True
Is 14243527831 composite?
True
Is 37170787267 composite?
True
Is 31552004591 a prime number?
True
Is 54350801 composite?
True
Is 1455374554 a composite number?
True
Is 23962304809 prime?
False
Is 310322855 a composite number?
True
Is 83039320703 a prime number?
True
Is 39708692653 a prime number?
False
Is 24215920829 a composite number?
True
Is 114494647 prime?
True
Is 637885097 a composite number?
False
Is 7631096723 a composite number?
False
Is 1041865051 a composite number?
True
Is 31122736103 a prime number?
False
Is 3428365847 prime?
True
Is 9883360999 a prime number?
True
Is 221902081 a composite number?
True
Is 1990964107 composite?
True
Is 6081039457 a prime number?
False
Is 9821197927 a prime number?
True
Is 510626219 composite?
False
Is 4387120831 composite?
False
Is 163409613067 prime?
False
Is 733755653 prime?
False
Is 13010813 a composite number?
False
Is 2988722159 a composite number?
True
Is 9705875911 a composite number?
False
Is 21427330963 a prime number?
True
Is 1120738907 a prime number?
True
Is 42353006879 a composite number?
False
Is 3073937471 prime?
False
Is 22229329181 composite?
True
Is 1232324881 prime?
True
Is 175549279 prime?
True
Is 321493979 prime?
True
Is 55311206641 a prime number?
False
Is 26161927 a composite number?
True
Is 658660781 composite?
False
Is 322486833059 composite?
False
Is 2365036859 a prime number?
True
Is 1827736789 a prime number?
True
Is 98316131803 a composite number?
False
Is 7746189193 a prime number?
True
Is 2792909099 a prime number?
True
Is 1021138663 composite?
False
Is 3012011291 a prime number?
True
Is 5056260619 a composite number?
True
Is 215112323165 prime?
False
Is 16620345699 prime?
False
Is 2487568801 prime?
True
Is 5175378113 composite?
True
Is 1724524381 prime?
True
Is 843608369 a prime number?
True
Is 43631691569 prime?
True
Is 39655608933 composite?
True
Is 19653342223 prime?
True
Is 13194012151 a prime number?
False
Is 39747876907 a prime number?
False
Is 557068841 a composite number?
True
Is 6916444769 composite?
True
Is 1949791873 prime?
True
Is 179656180519 a composite number?
True
Is 151247322461 a composite number?
False
Is 293182997 a composite number?
False
Is 792282417 a composite number?
True
Is 134332172861 prime?
True
Is 6219058029 composite?
True
Is 54072592435 a composite number?
True
Is 175666351 prime?
False
Is 46887233674 a composite number?
True
Is 630569003 a prime number?
True
Is 3263171939 a composite number?
False
Is 12342328267 a prime number?
True
Is 64626211999 prime?
True
Is 408212269 prime?
True
Is 2740185127 a prime number?
True
Is 634698941 a prime number?
True
Is 554163373 a prime number?
True
Is 583296667 composite?
False
Is 97087763 a composite number?
False
Is 1069301573 composite?
True
Is 1395203159 prime?
False
Is 7365048599 a prime number?
False
Is 12170056147 prime?
True
Is 7636730951 composite?
False
Is 662910141827 a composite number?
False
Is 74471460871 composite?
False
Is 1097869181 composite?
False
Is 1771043531 a composite number?
False
Is 5038988573 a composite number?
False
Is 5392451773 composite?
True
Is 28851592145 a prime number?
False
Is 3867204893 a composite number?
False
Is 35758390567 a composite number?
False
Is 7424347447 composite?
True
Is 1529121707 composite?
True
Is 2698527523 composite?
False
Is 80295068759 prime?
False
Is 22367555278 prime?
False
Is 550241323 composite?
True
Is 200953517 a prime number?
True
Is 998469427 composite?
False
Is 13321392641 prime?
False
Is 86929265299 prime?
True
Is 18844109791 prime?
False
Is 14408640901 a composite number?
False
Is 2006536927 a composite number?
False
Is 1978025443 prime?
False
Is 14777131813 a composite number?
True
Is 310320641 composite?
False
Is 1947109397 composite?
False
Is 7068226819 a prime number?
True
Is 10182996947 composite?
True
Is 5027439679 prime?
False
Is 604551799 a composite number?
False
Is 133901175097 a composite number?
False
Is 1291165567 a prime number?
True
Is 49825507 a prime number?
True
Is 12903261013 prime?
True
Is 244494041297 a composite number?
True
Is 43070076407 composite?
False
Is 18680597701 a composite number?
False
Is 724715353 a prime number?
True
Is 1052667191 a composite number?
False
Is 1113476719 composite?
True
Is 2221557101 a prime number?
False
Is 75123560366 composite?
True
Is 2993647898 a prime number?
False
Is 5233869085 composite?
True
Is 2944120793 a prime number?
True
Is 92322939659 composite?
False
Is 417125587 prime?
True
Is 25672817491 a prime number?
False
Is 67821097 prime?
False
Is 1587084901 a composite number?
False
Is 38986177 composite?
True
Is 9998486867 a prime number?
True
Is 158192233633 a prime number?
False
Is 4184870159 composite?
False
Is 18338513 a prime number?
True
Is 1914804803 prime?
True
Is 503976337 prime?
True
Is 21282831755 composite?
True
Is 45448253 a composite number?
True
Is 339667907 prime?
False
Is 3375436997 a composite number?
False
Is 669190099 a prime number?
False
Is 2322724589 a prime number?
True
Is 19730756447 prime?
True
Is 133512230911 a prime number?
True
Is 38019221371 prime?
True
Is 20193447899 a prime number?
False
Is 134679409 a composite number?
False
Is 178017317 a prime number?
False
Is 2794613299 a composite number?
True
Is 1231053595 composite?
True
Is 8201448847 a prime number?